q + 160. What is f(-27)?
-2
Let g(a) = 4*a + 98. Give g(11).
142
Let j(o) = o**2 - 20*o + 78. What is j(12)?
-18
Let y(p) = -14*p - 124. Give y(-9).
2
Let m(u) = 3*u - 24. What is m(16)?
24
Let m(k) = -40*k - 914. What is m(-23)?
6
Let p(m) = m - 8. What is p(3)?
-5
Let i(n) = -132*n - 1188. Give i(-9).
0
Let o(p) = -2*p + 52. Calculate o(23).
6
Let r(u) = -6*u**2 + 23*u - 9. Give r(6).
-87
Let j(i) = -i**3 + 9*i**2 - 9*i + 12. Calculate j(8).
4
Let z(k) = 3*k**2 - 9*k + 10. Calculate z(3).
10
Let d(i) = i**3 - 15*i**2 + 13*i + 18. Determine d(14).
4
Let n(f) = f**2 - 3*f - 196. What is n(16)?
12
Let z(n) = n**2 + 4*n - 8. Calculate z(-8).
24
Let f(t) = -t**3 - 9*t**2 + t. Give f(-9).
-9
Let l(h) = h**3 - 8*h**2 + 7*h + 2. Determine l(6).
-28
Let f(g) = -g**2 + 12*g - 28. Determine f(9).
-1
Let c(i) = -26*i + 1537. What is c(59)?
3
Let s(z) = z**2 + z + 6. Calculate s(-4).
18
Let q(b) = 3*b**2 + b + 30. Calculate q(0).
30
Let l(v) = -v**3 + v**2 + v - 50. Determine l(0).
-50
Let r(i) = 15*i**2 + 1. Determine r(2).
61
Let q(o) = -3*o - 50. Determine q(-17).
1
Let x(n) = -n**3 + n**2 + 11*n + 1. Give x(4).
-3
Let g(o) = -2*o**3 + 5*o**2 - o - 2. Calculate g(3).
-14
Let r(p) = p**2 - 12*p + 8. Give r(11).
-3
Let a(c) = c**3 + 14*c**2 + 16*c + 12. Calculate a(-13).
-27
Let b(z) = -z - 7. Calculate b(-15).
8
Let q(x) = -10*x**3 - 3*x**2 + 4. What is q(1)?
-9
Let a(n) = -42*n**3 - 1. Determine a(-1).
41
Let b(l) = -l - 1. What is b(13)?
-14
Let p(g) = -g**2 + 4*g + 60. Determine p(-9).
-57
Let g(a) = 6*a - 15. Calculate g(3).
3
Let l(t) = 6*t**2 - 68*t + 22. Calculate l(11).
0
Let v(z) = -z**3 + z**2 + 4*z. Calculate v(-3).
24
Let w(f) = -f**3 - f**2 + 1. Calculate w(-2).
5
Let t(p) = p**3 - p**2 + 3*p - 1. What is t(2)?
9
Let q(y) = -y**3 - 11*y**2 - 18*y - 12. Determine q(-9).
-12
Let g(m) = -6*m - 19. What is g(8)?
-67
Let i(q) = 9*q - 2. Give i(-5).
-47
Let u(y) = -33*y + 169. What is u(6)?
-29
Let q(w) = -5*w - 49. Calculate q(-11).
6
Let n(h) = -66*h + 18. Give n(4).
-246
Let u(z) = z**3 + 3*z**2 + 7*z + 28. Determine u(-3).
7
Let c(z) = 3*z + 2. Give c(-3).
-7
Let h(u) = u**3 - 2*u**2 - 9*u + 2. Calculate h(4).
-2
Let z(j) = -2*j**2 - 22*j - 1. Determine z(-11).
-1
Let g(j) = -5*j**2 + 26*j - 3. Calculate g(5).
2
Let n(w) = -9*w + 4. Calculate n(3).
-23
Let g(x) = x**3 + 5*x**2 + 3*x. Give g(-3).
9
Let t(z) = 3*z + 7. What is t(-22)?
-59
Let y(u) = -19*u**2 + 1. Give y(-1).
-18
Let z(y) = y**2 + 9*y - 8. Give z(-8).
-16
Let p(g) = -g**3 + 4*g**2 - g - 2. Calculate p(3).
4
Let t(a) = a**3 + 29*a**2 - 31*a - 23. Calculate t(-30).
7
Let x(m) = m**3 + 8*m**2 - 20*m + 7. What is x(-10)?
7
Let i(g) = -6*g - 50. Determine i(-10).
10
Let y(s) = s**3 + 3*s + 4. Determine y(-1).
0
Let c(y) = -y**3 - 5*y**2 + 2*y + 6. Give c(-5).
-4
Let p(m) = -40*m + 7. Give p(2).
-73
Let r(b) = -b**3 - 4*b**2 + 7*b + 8. Give r(-5).
-2
Let h(s) = 2*s**2 - 15*s - 32. Determine h(11).
45
Let y(j) = j**2 + 13*j + 2. Calculate y(-12).
-10
Let z(m) = -2*m + 26. Determine z(-10).
46
Let r(h) = -h**3 - 17*h**2 - 16*h - 20. What is r(-16)?
-20
Let z(q) = 2*q**3 - q - 1. Calculate z(2).
13
Let t(j) = 34*j + 24. Determine t(-1).
-10
Let b(f) = 2*f**2 - 32*f + 78. Calculate b(13).
0
Let n(i) = i + 11. Determine n(-11).
0
Let j(p) = 2*p**2 + 21*p - 29. Give j(-12).
7
Let p(i) = i**2 - 2*i - 17. What is p(8)?
31
Let s(n) = 628*n - 633. Give s(1).
-5
Let p(c) = -c**2 - 3*c. Determine p(-8).
-40
Let r(j) = 8*j**2 - 58*j + 6. Give r(7).
-8
Let s(o) = -12*o**2 - 5*o - 6. Give s(-2).
-44
Let p(s) = s**3 - 4*s**2 - 6*s + 1. Determine p(5).
-4
Let n(j) = 2*j**2 + 88*j - 88. Give n(-45).
2
Let m(g) = g + 11. Give m(-4).
7
Let p(g) = g + 2. Determine p(-7).
-5
Let j(q) = -q - 37. Determine j(0).
-37
Let m(x) = -2*x**2 + 53*x + 38. Give m(27).
11
Let m(z) = 2*z**2 - 3*z - 2. Calculate m(5).
33
Let p(c) = 84*c - 5. Calculate p(0).
-5
Let n(z) = -38*z + 300. Calculate n(8).
-4
Let i(t) = t**3 + 6*t**2 + 9*t + 3. Calculate i(-7).
-109
Let k(d) = d**3 - 7*d**2 + 2*d + 9. Determine k(6).
-15
Let u(n) = n**2 - 4*n - 9. What is u(5)?
-4
Let k(v) = -7*v - 11. Determine k(-4).
17
Let k(n) = n**3 - 2*n**2 + 3*n + 5. What is k(3)?
23
Let n(z) = -9*z - 17. Give n(11).
-116
Let l(p) = p**3 - 6*p**2 - 4*p - 3. Determine l(7).
18
Let s(f) = -f**2 - 6*f + 4. Determine s(-5).
9
Let g(t) = 7*t**2 + 35*t + 8. What is g(-5)?
8
Let d(q) = q**2 - 8*q + 14. What is d(6)?
2
Let d(n) = -n**2 + n + 10. Give d(5).
-10
Let x(c) = -2*c**2 + 18*c - 36. What is x(6)?
0
Let g(x) = 10*x + 70. What is g(-7)?
0
Let l(h) = -h**2 + 6*h - 5. Determine l(3).
4
Let u(b) = 6*b - 66. What is u(10)?
-6
Let v(l) = 32*l + 32. Give v(-1).
0
Let r(b) = b**2 - 7*b + 3. Calculate r(4).
-9
Let i(f) = -2*f**2 + 27*f - 9. Calculate i(13).
4
Let c(h) = -h**3 - 2*h**2 + 13*h - 13. Determine c(4).
-57
Let h(i) = -i**3 + 18*i**2 - 65*i - 9. What is h(13)?
-9
Let n(v) = 5*v**2 + 36*v + 9. Determine n(-7).
2
Let z(w) = w**3 - 5*w**2 + 6*w - 7. Calculate z(3).
-7
Let z(v) = v**3 - 6*v**2 - 3*v + 6. Give z(6).
-12
Let m(q) = -q**3 - 8*q**2 - 11*q - 7. Calculate m(-6).
-13
Let o(l) = 2*l**2 + 7*l - 3. What is o(-9)?
96
Let g(v) = -v**2 - 4*v - 2. Determine g(-4).
-2
Let q(u) = -u - 1. What is q(-2)?
1
Let g(k) = -3*k**2 + 10*k. Give g(4).
-8
Let d(z) = 3*z**2 + 31*z + 78. What is d(-5)?
-2
Let z(r) = r**2 + 11*r - 174. What is z(-20)?
6
Let p(x) = -2*x + 3. What is p(5)?
-7
Let u(o) = o**2 - 12*o - 4. Give u(13).
9
Let d(k) = 6*k + 15. Give d(-1).
9
Let m(j) = -j + 10. Calculate m(10).
0
Let i(o) = -o**3 - 12*o**2 + 12*o - 18. Determine i(-13).
-5
Let i(r) = r**3 + 18*r**2 + 70*r + 60. Determine i(-13).
-5
Let m(y) = 3*y + 3. Calculate m(-6).
-15
Let x(z) = -z**3 + 26*z**2 + 2*z - 14. Determine x(26).
38
Let w(a) = -12*a - 63. What is w(-5)?
-3
Let b(w) = 6*w - 14. Determine b(9).
40
Let v(c) = -6*c + 19. Give v(2).
7
Let a(f) = -f**3 + 10*f**2 + 5*f + 6. What is a(11)?
-60
Let h(z) = z**2 - 31*z + 40. Give h(29).
-18
Let y(f) = f + 26. Give y(-11).
15
Let n(r) = -11*r + 35. Give n(4).
-9
Let t(u) = -37*u + 3. What is t(-1)?
40
Let h(p) = 22*p - 123. What is h(6)?
9
Let o(i) = -i**3 + 6*i**2 + 9*i - 5. What is o(7)?
9
Let x(b) = b**3 + 8*b**2 - b - 7. Calculate x(-8).
1
Let v(d) = -d**2 + 3*d - 3. Give v(-3).
-21
Let g(f) = -f**3 - 32*f**2 - 32*f + 9. Calculate g(-31).
40
Let v(j) = -50*j + 354. Calculate v(7).
4
Let v(r) = r**3 - 3*r**2 + 5*r - 11. Calculate v(3).
4
Let f(n) = -n**2 - 9*n + 34. What is f(-12)?
-2
Let t(p) = p**3 + 2*p**2 - 5*p + 4. Determine t(-5).
-46
Let z(v) = 38*v**3 + 2*v**2 + v. Calculate z(-1).
-37
Let y(c) = -c**3 - 10*c**2 + 13*c + 4. Calculate y(-11).
-18
Let a(g) = -g - 6. Calculate a(-4).
-2
Let x(p) = p**2 + p - 15. Calculate x(0).
-15
Let r(q) = -2*q**2 + 4*q + 117. Determine r(-7).
-9
Let n(z) = z**3 + 20*z**2 - 68*z + 11. What is n(-23)?
-12
Let q(y) = 3*y - 20. Calculate q(11).
13
Let d(f) = 2*f**3 + 7*f**2 - 12*f + 21. Calculate d(-5).
6
Let m(p) = 2*p - 40. What is m(17)?
-6
Let t(l) = -l**3 - 7*l**2 - 5*l - 10. What is t(-6)?
-16
Let g(n) = -n**3 - 8*n**2 - n - 2. What is g(-8)?
6
Let n(d) = 2*d**2 - 9*d - 6. Give n(-7).
155
Let k(z) = -15*z - 122. What is k(-8)?
-2
Let a(w) = -11*w - 6. Calculate a(-7).
71
Let l(s) = -2*s**2 - 23*s + 17. Give l(-12).
5
Let o(j) = -j**3 + 16*j**2 - j + 14. Calculate o(16).
-2
Let j(o) = -o**2 - 6*o + 7. Determine j(-4).
15
Let w(z) = -z**3 - 8*z**2 - 11*z + 16. Calculate w(-6).
10
Let c(g) = g**2 + 7*g + 11. Give c(-8).
19
Let o(j) = j**3 - 10*j**2 + 22*j - 36. Calculate o(8).
12
Let t(d) = -d**2 + 12*d - 11. What is t(1)?
0
Let v(d) = 12*d**3 - 2*d**2 + 5*d - 4. What is v(1)?
11
Let q(o) = o**3 + 8*o**2 + 7*o + 5. Calculate q(-6).
35
Let c(s) = 17*s + 32. What is c(5)?
117
Let c(a) = a**3 + 8*a**2 + 6*a + 25. What is c(-8)?
-23
Let z(y) = y + 23. Calculate z(-8).
15
Let y(f) = -13*f**2 + 117*f - 2. What is y(9)?
-2
Let k(j) = 2*j + 7. Give k(2).
11
Let s(m) = m**3 + 69*m**2 - 74*m - 281. Give s(-70).
-1
Let j(t) = -2*t + 3. Give j(8).
-13
Let o(a) = -a**2 - 20*a - 51. Determine o(-10).
49
Let x(i) = -i**3 + 6*i**2 + i - 6. Calculate x(6).
0
Let c(q) = -4*q - 2. Determine c(7).
-30
Let k(r) = -r**3 + 4*r - 3. What is k(-3)?
12
Let t(l) = l**2 + 13*l + 2. Determine t(-11).
-20